{"id":502,"date":"2025-02-12T18:08:23","date_gmt":"2025-02-12T16:08:23","guid":{"rendered":"https:\/\/www.lautundgleise.de\/?page_id=502"},"modified":"2025-09-17T13:46:53","modified_gmt":"2025-09-17T11:46:53","slug":"rotkaeppchen-romanesc","status":"publish","type":"page","link":"https:\/\/www.lautundgleise.de\/?page_id=502","title":{"rendered":"Rotk\u00e4ppchen rom\u00e2nesc"},"content":{"rendered":"<h2>Soeben erschienen:<\/h2>\n<p><a href=\"http:\/\/www.lautundgleise.de\/wp-content\/uploads\/Rotka\u0308ppchen_Mockup_titel.jpg\"><img loading=\"lazy\" class=\"alignnone size-medium wp-image-512\" src=\"http:\/\/www.lautundgleise.de\/wp-content\/uploads\/Rotka\u0308ppchen_Mockup_titel-223x300.jpg\" alt=\"\" width=\"223\" height=\"300\" srcset=\"https:\/\/www.lautundgleise.de\/wp-content\/uploads\/Rotka\u0308ppchen_Mockup_titel-223x300.jpg 223w, https:\/\/www.lautundgleise.de\/wp-content\/uploads\/Rotka\u0308ppchen_Mockup_titel-762x1024.jpg 762w, https:\/\/www.lautundgleise.de\/wp-content\/uploads\/Rotka\u0308ppchen_Mockup_titel-768x1031.jpg 768w, https:\/\/www.lautundgleise.de\/wp-content\/uploads\/Rotka\u0308ppchen_Mockup_titel-1144x1536.jpg 1144w, https:\/\/www.lautundgleise.de\/wp-content\/uploads\/Rotka\u0308ppchen_Mockup_titel.jpg 1417w\" sizes=\"(max-width: 223px) 100vw, 223px\" \/><\/a><\/p>\n<h1><strong>Rotk\u00e4ppchen rom\u00e2nesc<br \/>\n<\/strong><\/h1>\n<p><strong>von personengebundenen Abfahrauftr\u00e4gen an rum\u00e4nischen Bahnh\u00f6fen<\/strong><\/p>\n<p>&nbsp;<\/p>\n<div>\n<h6><span style=\"color: #ff0000;\"><span style=\"font-size: 12pt;\">Mit \u201eRotk\u00e4ppchen rom\u00e2nesc\u201c geht der Verlag Laut und Gleise neue Wege: <\/span><\/span><span style=\"color: #ff0000;\"><span style=\"font-size: 12pt;\">In Zusammenarbeit mit dem K\u00f6lner Fotobuchverlag BummBummBooks begeben wir uns mit unserer vierten Ver\u00f6ffentlichung auf das Terrain der Fotokunst \u2026<br \/>\n<\/span><\/span><\/h6>\n<\/div>\n<p>Horst Klein fotografierte auf seinen zahlreichen Bahnreisen durch Rum\u00e4nien die sogenannten \u201eRotk\u00e4ppchen\u201c, wie klassische Fahrdienstleiter, erkennbar an ihren roten M\u00fctzen an den Bahnh\u00f6fen, liebevoll genannt werden. Mit der Kamera stets am Zugfenster h\u00e4lt er die fl\u00fcchtigen Begegnungen mit ihnen fotografisch fest und beobachtet sie in ihrem Tun, dem \u201eAusf\u00fchren des Abfahrauftrages\u201c. Dabei geht es offensichtlich mal streng und diszipliniert, mitunter aber auch unambitioniert und desillusioniert zu. Gemein ist ihnen jedoch die Dienstkleidung, die rote Dienstm\u00fctze, die Kelle und ihre B\u00fchne, der Bahnsteig.<\/p>\n<p>Aufgelockert werden die Aufnahmen von Landschaftsaufnahmen aus dem Zug, die das Buch in Summe zu einer virtuellen Eisenbahnreise durch Rum\u00e4nien werden lassen.<\/p>\n<p>Die Fotografien entstanden ausnahmslos in den Wintermonaten und werfen \u2013 mit dem morbiden Charme, der Osteuropa bis heute gelegentlich innehat \u2013 einen melancholischen Blick auf dieses sch\u00f6ne Land und das schon bald verschwindende Ritual des \u201eParadierens\u201c auf dem Bahnsteig.<\/p>\n<p>Das Buch umfasst 140 Seiten und enth\u00e4lt neben 89 Farbaufnahmen ein Nachwort von Prof. Rolf Sachsse sowie einen Auszug der Dienstvorschrift der rum\u00e4nischen Eisenbahnen in den Sprachen deutsch, englisch und rum\u00e4nisch.<\/p>\n<p>&nbsp;<\/p>\n<p><strong>Ausstattung:<\/strong> Hardcover mit Pr\u00e4gung und partieller Drucklackierung, Leseb\u00e4ndchen, Papierwechsel vom Bild- zum Textteil<\/p>\n<p><strong>Format:<\/strong> 17,5 x 23,5 cm<\/p>\n<p><strong>Umfang:<\/strong> 140 Seiten<\/p>\n<p><strong>Auflage:<\/strong> 300 Exemplare<\/p>\n<p><strong>Preis<\/strong><strong>:<\/strong> 45 \u20ac (incl. Versand innerhalb Deutschlands)<\/p>\n<p>Zu einer im Sommer 2025 stattgefunden Ausstellung ist ferner eine Vorzugsausgabe, Auflage 10 St\u00fcck, mit wahlweise einem handgebundenen Kunstleder-Einband aus original recycelten Sitzpolstern rum\u00e4nischer Waggons, oder einem handgebundenen Leinen-Einband aus recycelten Waggon-Vorh\u00e4ngen, auf Nachfrage beim Verlag erh\u00e4ltlich.<\/p>\n<p><strong><span style=\"color: #ff0000;\">Obacht:<\/span> <\/strong>Freunde klassischer Eisenbahn-Fotografie (\u201eSonne im R\u00fccken, Zug schr\u00e4g von vorn\u201c) werden mit dieser Ver\u00f6ffentlichung nicht bedient. Das Buch richtet sich vielmehr an Freunde der k\u00fcnstlerischen Fotografie, der Reportage-Fotografie, an Fotobuch-Freunde sowie an Menschen, die Rum\u00e4nien, Reisekultur, Reiseerleben und einen \u201eweiten Blick\u201c auf das Verkehrsmittel Eisenbahn sch\u00e4tzen.<\/p>\n<p>&nbsp;<\/p>\n<h2>Blick ins Buch:<\/h2>\n<p><a href=\"http:\/\/www.lautundgleise.de\/wp-content\/uploads\/Rotka\u0308ppchen_Buch_Mockup_2-scaled.jpg\"><img loading=\"lazy\" class=\"alignnone size-medium wp-image-513\" src=\"http:\/\/www.lautundgleise.de\/wp-content\/uploads\/Rotka\u0308ppchen_Buch_Mockup_2-300x202.jpg\" alt=\"\" width=\"300\" height=\"202\" srcset=\"https:\/\/www.lautundgleise.de\/wp-content\/uploads\/Rotka\u0308ppchen_Buch_Mockup_2-300x202.jpg 300w, https:\/\/www.lautundgleise.de\/wp-content\/uploads\/Rotka\u0308ppchen_Buch_Mockup_2-1024x691.jpg 1024w, https:\/\/www.lautundgleise.de\/wp-content\/uploads\/Rotka\u0308ppchen_Buch_Mockup_2-768x518.jpg 768w, https:\/\/www.lautundgleise.de\/wp-content\/uploads\/Rotka\u0308ppchen_Buch_Mockup_2-1536x1036.jpg 1536w, https:\/\/www.lautundgleise.de\/wp-content\/uploads\/Rotka\u0308ppchen_Buch_Mockup_2-2048x1382.jpg 2048w\" sizes=\"(max-width: 300px) 100vw, 300px\" \/><\/a><a href=\"http:\/\/www.lautundgleise.de\/wp-content\/uploads\/Rotka\u0308ppchen_Buch_Mockup_3-scaled.jpg\"><img loading=\"lazy\" class=\"alignnone size-medium wp-image-514\" src=\"http:\/\/www.lautundgleise.de\/wp-content\/uploads\/Rotka\u0308ppchen_Buch_Mockup_3-300x203.jpg\" alt=\"\" width=\"300\" height=\"203\" srcset=\"https:\/\/www.lautundgleise.de\/wp-content\/uploads\/Rotka\u0308ppchen_Buch_Mockup_3-300x203.jpg 300w, https:\/\/www.lautundgleise.de\/wp-content\/uploads\/Rotka\u0308ppchen_Buch_Mockup_3-1024x692.jpg 1024w, https:\/\/www.lautundgleise.de\/wp-content\/uploads\/Rotka\u0308ppchen_Buch_Mockup_3-768x519.jpg 768w, https:\/\/www.lautundgleise.de\/wp-content\/uploads\/Rotka\u0308ppchen_Buch_Mockup_3-1536x1039.jpg 1536w, https:\/\/www.lautundgleise.de\/wp-content\/uploads\/Rotka\u0308ppchen_Buch_Mockup_3-2048x1385.jpg 2048w\" sizes=\"(max-width: 300px) 100vw, 300px\" \/><\/a><a href=\"http:\/\/www.lautundgleise.de\/wp-content\/uploads\/Rotka\u0308ppchen_Buch_Mockup_4-scaled.jpg\"><img loading=\"lazy\" class=\"alignnone size-medium wp-image-515\" src=\"http:\/\/www.lautundgleise.de\/wp-content\/uploads\/Rotka\u0308ppchen_Buch_Mockup_4-300x203.jpg\" alt=\"\" width=\"300\" height=\"203\" srcset=\"https:\/\/www.lautundgleise.de\/wp-content\/uploads\/Rotka\u0308ppchen_Buch_Mockup_4-300x203.jpg 300w, https:\/\/www.lautundgleise.de\/wp-content\/uploads\/Rotka\u0308ppchen_Buch_Mockup_4-1024x694.jpg 1024w, https:\/\/www.lautundgleise.de\/wp-content\/uploads\/Rotka\u0308ppchen_Buch_Mockup_4-768x521.jpg 768w, https:\/\/www.lautundgleise.de\/wp-content\/uploads\/Rotka\u0308ppchen_Buch_Mockup_4-1536x1041.jpg 1536w, https:\/\/www.lautundgleise.de\/wp-content\/uploads\/Rotka\u0308ppchen_Buch_Mockup_4-2048x1388.jpg 2048w\" sizes=\"(max-width: 300px) 100vw, 300px\" \/><\/a><a href=\"http:\/\/www.lautundgleise.de\/wp-content\/uploads\/Rotka\u0308ppchen_Buch_Mockup_5-scaled.jpg\"><img loading=\"lazy\" class=\"alignnone size-medium wp-image-516\" src=\"http:\/\/www.lautundgleise.de\/wp-content\/uploads\/Rotka\u0308ppchen_Buch_Mockup_5-300x203.jpg\" alt=\"\" width=\"300\" height=\"203\" srcset=\"https:\/\/www.lautundgleise.de\/wp-content\/uploads\/Rotka\u0308ppchen_Buch_Mockup_5-300x203.jpg 300w, https:\/\/www.lautundgleise.de\/wp-content\/uploads\/Rotka\u0308ppchen_Buch_Mockup_5-1024x693.jpg 1024w, https:\/\/www.lautundgleise.de\/wp-content\/uploads\/Rotka\u0308ppchen_Buch_Mockup_5-768x520.jpg 768w, https:\/\/www.lautundgleise.de\/wp-content\/uploads\/Rotka\u0308ppchen_Buch_Mockup_5-1536x1040.jpg 1536w, https:\/\/www.lautundgleise.de\/wp-content\/uploads\/Rotka\u0308ppchen_Buch_Mockup_5-2048x1387.jpg 2048w\" sizes=\"(max-width: 300px) 100vw, 300px\" \/><\/a><a href=\"http:\/\/www.lautundgleise.de\/wp-content\/uploads\/Rotka\u0308ppchen_Buch_Mockup_6-scaled.jpg\"><img loading=\"lazy\" class=\"alignnone size-medium wp-image-517\" src=\"http:\/\/www.lautundgleise.de\/wp-content\/uploads\/Rotka\u0308ppchen_Buch_Mockup_6-300x202.jpg\" alt=\"\" width=\"300\" height=\"202\" srcset=\"https:\/\/www.lautundgleise.de\/wp-content\/uploads\/Rotka\u0308ppchen_Buch_Mockup_6-300x202.jpg 300w, https:\/\/www.lautundgleise.de\/wp-content\/uploads\/Rotka\u0308ppchen_Buch_Mockup_6-1024x691.jpg 1024w, https:\/\/www.lautundgleise.de\/wp-content\/uploads\/Rotka\u0308ppchen_Buch_Mockup_6-768x518.jpg 768w, https:\/\/www.lautundgleise.de\/wp-content\/uploads\/Rotka\u0308ppchen_Buch_Mockup_6-1536x1037.jpg 1536w, https:\/\/www.lautundgleise.de\/wp-content\/uploads\/Rotka\u0308ppchen_Buch_Mockup_6-2048x1382.jpg 2048w\" sizes=\"(max-width: 300px) 100vw, 300px\" \/><\/a><\/p>\n<h2><span style=\"color: #800000;\"><strong>Stimmen zum Buch:<\/strong><\/span><\/h2>\n<p><em><span style=\"color: #800000;\">\u00bbThe compositions are very well done, especially considering the small window of time and space Klein had for each of them. I found many stories in the book, in each image, and in each red hat. The emotion and mood of each station wasn\u2019t a klaxon-like in-your-face impact but rather a compelling, human-interest plea\u2026I wanted to know what the Red Hat was thinking, feeling, seeing. Superb sequencing enhanced the images\u2019 stories, creating an almost organic body of visual emotion\u2026I could sense Romania, the people and the land; the Red Hats were symbols, icons of those who lived and had lived in the rail communities that were slowly transitioning from Communist rule to modernity.\u00ab Lee Halvorsen, PhotoBook-Journal, Juni 2025 <\/span><\/em><\/p>\n<p><em><span style=\"color: #800000;\">Vollst\u00e4ndige Rezension des\u00a0 PhotoBook-Journal <a href=\"https:\/\/photobookjournal.com\/2025\/06\/02\/horst-klein-rotkappchen-romanesc\/\"><strong>hier<\/strong><\/a><br \/>\n<\/span><\/em><\/p>\n<p><span style=\"color: #0000ff;\"><em>\u00bb<span class=\"HtmlText_root__A1OSq\">Sie stehen in Silindru, Iclod, Valea Florilor und den anderen Orten, die Horst Klein passiert hat; oft haben diese Bahnh\u00f6fe ihre Bl\u00fctezeit l\u00e4ngst hinter sich. Die Farbe verabschiedet sich in Fetzen von den Geb\u00e4uden, die B\u00f6den sind holprig und rau. Unterwegs trifft der Fotograf auf wacklig gesicherte Bahn\u00fcberg\u00e4nge und unwirtliche Warteh\u00e4uschen. Und trotzdem erz\u00e4hlen seine teils im Vorbeifahren aufgenommenen Bilder nicht von Zerfall und Armut, sondern dr\u00fccken die Wertsch\u00e4tzung aus, mit der Klein auf die Szenen blickt \u2013 im Wissen darum, dass auch in den entlegenen Regionen Rum\u00e4niens die Modernisierung wohl nicht mehr lange auf sich warten l\u00e4sst.<\/span>\u00ab Regula Fuchs, Berner Zeitung bzw Tagesanzeiger, 13. September<\/em><\/span><em><span style=\"color: #0000ff;\"> 2025, Rezension<\/span> <a href=\"https:\/\/www.bernerzeitung.ch\/fotografie-horst-kleins-portraets-altmodischer-bahnhofs-waerter-600961001173\"><strong>hier<\/strong><\/a><\/em><\/p>\n<h3><\/h3>\n<h3>Bestellformular<\/h3>\n<p>(Statt Vor\u00fcberweisung, Kreditkartenbezahlung o.\u00e4. erhalten Sie nach Ihrer Bestellung ganz klassisch eine Rechnung von uns)<\/p>\n<div role=\"form\" class=\"wpcf7\" id=\"wpcf7-f526-o1\" lang=\"de-DE\" dir=\"ltr\">\n<div class=\"screen-reader-response\"><p role=\"status\" aria-live=\"polite\" aria-atomic=\"true\"><\/p> <ul><\/ul><\/div>\n<form action=\"\/index.php?rest_route=%2Fwp%2Fv2%2Fpages%2F502#wpcf7-f526-o1\" method=\"post\" class=\"wpcf7-form init\" novalidate=\"novalidate\" data-status=\"init\">\n<div style=\"display: none;\">\n<input type=\"hidden\" name=\"_wpcf7\" value=\"526\" \/>\n<input type=\"hidden\" name=\"_wpcf7_version\" value=\"5.5.2\" \/>\n<input type=\"hidden\" name=\"_wpcf7_locale\" value=\"de_DE\" \/>\n<input type=\"hidden\" name=\"_wpcf7_unit_tag\" value=\"wpcf7-f526-o1\" \/>\n<input type=\"hidden\" name=\"_wpcf7_container_post\" value=\"0\" \/>\n<input type=\"hidden\" name=\"_wpcf7_posted_data_hash\" value=\"\" \/>\n<\/div>\n<p>Ihr Name<br \/>\n    <span class=\"wpcf7-form-control-wrap your-name\"><input type=\"text\" name=\"your-name\" value=\"\" size=\"40\" class=\"wpcf7-form-control wpcf7-text wpcf7-validates-as-required\" aria-required=\"true\" aria-invalid=\"false\" \/><\/span> <\/p>\n<p>Ihre E-Mail-Adresse<br \/>\n    <span class=\"wpcf7-form-control-wrap your-email\"><input type=\"email\" name=\"your-email\" value=\"\" size=\"40\" class=\"wpcf7-form-control wpcf7-text wpcf7-email wpcf7-validates-as-required wpcf7-validates-as-email\" aria-required=\"true\" aria-invalid=\"false\" \/><\/span> <\/p>\n<p>Ihre Stra\u00dfe\/Nr.<br \/>\n    <span class=\"wpcf7-form-control-wrap your-name2\"><input type=\"text\" name=\"your-name2\" value=\"\" size=\"40\" class=\"wpcf7-form-control wpcf7-text wpcf7-validates-as-required\" aria-required=\"true\" aria-invalid=\"false\" \/><\/span> <\/p>\n<p>PLZ\/Ort<br \/>\n    <span class=\"wpcf7-form-control-wrap your-name3\"><input type=\"text\" name=\"your-name3\" value=\"\" size=\"40\" class=\"wpcf7-form-control wpcf7-text wpcf7-validates-as-required\" aria-required=\"true\" aria-invalid=\"false\" \/><\/span><\/p>\n<p>Bestellmenge<br \/>\n     <span class=\"wpcf7-form-control-wrap menu-440\"><select name=\"menu-440\" class=\"wpcf7-form-control wpcf7-select\" aria-invalid=\"false\"><option value=\"1\">1<\/option><option value=\"2\">2<\/option><option value=\"3\">3<\/option><option value=\"4\">4<\/option><option value=\"5\">5<\/option><option value=\"6\">6<\/option><option value=\"7\">7<\/option><option value=\"8\">8<\/option><option value=\"9\">9<\/option><option value=\"10\">10<\/option><option value=\"11\">11<\/option><option value=\"12\">12<\/option><\/select><\/span><\/p>\n<p>Ihre Nachricht<br \/>\n    <span class=\"wpcf7-form-control-wrap your-message\"><textarea name=\"your-message\" cols=\"40\" rows=\"10\" class=\"wpcf7-form-control wpcf7-textarea\" aria-invalid=\"false\"><\/textarea><\/span> <\/p>\n<p><input type=\"submit\" value=\"Bestellen\" class=\"wpcf7-form-control has-spinner wpcf7-submit\" \/><\/p>\n<div class=\"wpcf7-response-output\" aria-hidden=\"true\"><\/div><\/form><\/div>\n<p><strong><a href=\"http:\/\/www.lautundgleise.de\/?page_id=89\">Widerrufsbelehrung<\/a><\/strong><\/p>\n<p>&nbsp;<\/p>\n","protected":false},"excerpt":{"rendered":"<p>Soeben erschienen: Rotk\u00e4ppchen rom\u00e2nesc von personengebundenen Abfahrauftr\u00e4gen an rum\u00e4nischen Bahnh\u00f6fen &nbsp; Mit \u201eRotk\u00e4ppchen rom\u00e2nesc\u201c geht der Verlag Laut und Gleise neue Wege: In Zusammenarbeit mit dem K\u00f6lner Fotobuchverlag BummBummBooks begeben wir uns mit unserer vierten Ver\u00f6ffentlichung auf das Terrain der<\/p>\n","protected":false},"author":1,"featured_media":0,"parent":0,"menu_order":0,"comment_status":"closed","ping_status":"closed","template":"","meta":[],"_links":{"self":[{"href":"https:\/\/www.lautundgleise.de\/index.php?rest_route=\/wp\/v2\/pages\/502"}],"collection":[{"href":"https:\/\/www.lautundgleise.de\/index.php?rest_route=\/wp\/v2\/pages"}],"about":[{"href":"https:\/\/www.lautundgleise.de\/index.php?rest_route=\/wp\/v2\/types\/page"}],"author":[{"embeddable":true,"href":"https:\/\/www.lautundgleise.de\/index.php?rest_route=\/wp\/v2\/users\/1"}],"replies":[{"embeddable":true,"href":"https:\/\/www.lautundgleise.de\/index.php?rest_route=%2Fwp%2Fv2%2Fcomments&post=502"}],"version-history":[{"count":27,"href":"https:\/\/www.lautundgleise.de\/index.php?rest_route=\/wp\/v2\/pages\/502\/revisions"}],"predecessor-version":[{"id":565,"href":"https:\/\/www.lautundgleise.de\/index.php?rest_route=\/wp\/v2\/pages\/502\/revisions\/565"}],"wp:attachment":[{"href":"https:\/\/www.lautundgleise.de\/index.php?rest_route=%2Fwp%2Fv2%2Fmedia&parent=502"}],"curies":[{"name":"wp","href":"https:\/\/api.w.org\/{rel}","templated":true}]}}